NOAA Monthly Statistics

NOAA = National Oceanic and Atmospheric Administration (USA)

                   MONTHLY CLIMATOLOGICAL SUMMARY for APR. 2021

NAME: Weather Station Nagu CITY: Nagu STATE: Finland
ELEV: 26 m LAT: 60° 11' 23" N LONG: 21° 53' 50" E

TEMPERATURE (°C), RAIN (mm), WIND SPEED (m/s)

HEAT COOL AVG
MEAN DEG DEG WIND DOM
DAY TEMP HIGH TIME LOW TIME DAYS DAYS RAIN SPEED HIGH TIME DIR
------------------------------------------------------------------------------------
1 2.8 5.3 14:30 0.8 06:00 14 0 0.0 3.2 11.1 16:30 NW
2 3.1 5.1 16:00 0.6 07:00 14 0 0.0 3.2 10.1 13:30 NW
3 2.5 4.5 12:00 0.7 22:00 15 0 0.0 3.5 12.0 14:30 NNW
4 4.1 6.8 12:30 1.6 00:00 13 0 0.0 4.3 16.7 16:00 SSW
5 2.2 4.5 01:00 -0.5 21:30 15 0 0.6 5.2 17.8 01:00 SSW
6 2.1 4.2 16:30 -0.6 07:00 15 0 0.6 4.2 12.0 16:00 SW
7 2.9 5.1 13:30 0.5 23:30 14 0 2.0 2.7 11.1 00:00 SSW
8 1.8 3.9 19:00 -0.4 05:00 15 0 0.0 3.0 10.3 13:00 NW
9 2.8 4.3 19:00 1.2 09:30 14 0 3.6 6.1 19.2 12:00 SSW
10 2.3 3.2 02:00 0.6 14:30 8 0 3.0 3.5 10.0 01:00 SW
11 3.5 7.6 15:00 -0.2 10:30 12 0 2.0 6.5 22:30 S
12 6.2 8.4 10:00 3.4 22:30 11 0 3.1 10.9 13:30 S
13 3.3 5.2 15:00 1.6 23:30 14 0 0.2 2.5 11.2 16:00 SSW
14 0.9 1.4 00:00 0.5 06:00 4 0 0.0 1.7 3.9 04:30 SSW
15
16
17
18
19
20
21
22
23
24
25
26
27
28
29
30
------------------------------------------------------------------------------------
Max >= 32.0: 0
Max <= 0.0: 0
Min <= 0.0: 4
Min <= -18.0: 0
Max Rain: 3.6 on 9.04.2021
Days of Rain: 5 (> .2 mm) 2 (> 2 mm) 0 (> 20 mm)
Heat Base: 17.0 Cool Base: 17.0 Method: Simple approximation
Scroll to top