NOAA Monthly Statistics

NOAA = National Oceanic and Atmospheric Administration (USA)

                   MONTHLY CLIMATOLOGICAL SUMMARY for AUG. 2020

NAME: Weather Station Nagu CITY: Nagu STATE: Finland
ELEV: 26 m LAT: 60° 11' 23" N LONG: 21° 53' 50" E

TEMPERATURE (°C), RAIN (mm), WIND SPEED (m/s)

HEAT COOL AVG
MEAN DEG DEG WIND DOM
DAY TEMP HIGH TIME LOW TIME DAYS DAYS RAIN SPEED HIGH TIME DIR
------------------------------------------------------------------------------------
1 18.2 23.5 15:30 13.6 06:30 1 2 0.0 4.6 9.5 18:30 WSW
2 17.4 20.1 15:30 14.8 02:30 1 1 0.0 6.4 12.3 17:30 SSW
3 18.0 21.3 15:30 15.9 23:00 0 1 0.0 6.8 11.1 12:00 SW
4 18.2 22.4 14:00 14.8 23:30 1 2 0.0 4.2 6.9 00:00 SSW
5 16.6 21.9 15:30 12.6 06:30 1 1 0.0 5.3 12.4 20:00 SSW
6 18.5 20.6 19:00 15.9 00:30 0 2 0.0 5.5 9.7 09:30 SSW
7 20.7 27.3 16:00 16.5 04:00 0 4 0.0 3.2 6.9 14:30 S
8 20.9 25.8 15:30 16.6 07:00 0 4 0.0 3.9 7.6 17:30 S
9 20.4 25.2 14:00 16.5 23:30 0 3 0.0 5.9 12.6 23:30 NW
10 18.3 23.5 15:30 14.7 06:00 1 2 0.0 6.9 12.0 01:30 NNW
11 17.6 22.4 15:30 12.8 07:00 1 2 0.0 5.4 9.5 20:00 NNW
12 16.7 21.7 14:30 12.7 06:30 1 1 4.8 3.8 9.1 22:30 SSW
13 17.3 19.2 14:00 15.0 23:30 0 1 0.4 4.9 10.5 02:00 NE
14 16.8 21.7 15:30 12.4 06:30 2 1 0.0 4.3 8.7 16:30 S
15 17.9 18.0 00:30 17.8 00:00 0 0 0.0 3.8 6.8 00:30 S
16
17
18
19
20
21
22
23
24
25
26
27
28
29
30
31
------------------------------------------------------------------------------------
Max >= 32.0: 0
Max <= 0.0: 0
Min <= 0.0: 0
Min <= -18.0: 0
Max Rain: 4.8 on 12.08.2020
Days of Rain: 2 (> .2 mm) 1 (> 2 mm) 0 (> 20 mm)
Heat Base: 17.0 Cool Base: 17.0 Method: Simple approximation
Scroll to top