NOAA Monthly Statistics

NOAA = National Oceanic and Atmospheric Administration (USA)

                   MONTHLY CLIMATOLOGICAL SUMMARY for JAN. 2022

NAME: Weather Station Nagu CITY: Nagu STATE: Finland
ELEV: 26 m LAT: 60° 11' 23" N LONG: 21° 53' 50" E

TEMPERATURE (°C), RAIN (mm), WIND SPEED (m/s)

HEAT COOL AVG
MEAN DEG DEG WIND DOM
DAY TEMP HIGH TIME LOW TIME DAYS DAYS RAIN SPEED HIGH TIME DIR
------------------------------------------------------------------------------------
1 -3.1 0.1 00:00 -5.8 21:00 20 0 1.0 2.2 7.2 05:30 N
2 -1.1 1.5 23:30 -5.1 00:00 18 0 2.0 4.2 12.4 11:00 S
3 1.2 2.0 01:00 0.6 17:00 16 0 0.2 1.9 6.8 01:00 WNW
4 1.6 3.7 08:00 0.5 16:30 15 0 1.4 3.3 17.6 09:00 SW
5 0.2 1.2 00:00 -0.8 22:30 17 0 0.4 1.6 4.1 23:30 SSE
6 -3.3 -0.7 01:00 -7.0 09:00 20 0 0.0 3.6 10.5 03:00 N
7 -4.5 -1.9 00:30 -6.8 20:30 21 0 0.0 2.5 12.3 05:00 NNW
8 -5.0 -1.9 23:30 -7.4 04:30 22 0 1.6 2.7 9.2 12:00 ESE
9 -2.8 -1.8 01:30 -4.7 23:30 20 0 0.0 1.4 4.1 00:30 NE
10 -7.7 -4.9 00:00 -11.0 23:30 25 0 0.0 1.5 4.6 09:00 ENE
11 -4.1 1.2 23:30 -11.5 02:00 21 0 0.0 3.2 9.0 14:30 SSW
12 1.5 2.8 23:30 0.7 16:00 15 0 0.0 4.6 11.0 17:00 SW
13 6.2 8.4 18:30 2.9 00:00 11 0 0.0 5.1 11.9 16:30 W
14 2.9 6.1 00:00 1.8 07:00 14 0 0.0 6.4 19.0 13:00 NNW
15 1.0 2.9 01:00 -1.3 20:00 16 0 0.0 3.9 14.7 00:30 NNW
16 1.2 3.4 16:30 -0.9 00:00 15 0 0.2 4.4 14.4 16:30 SW
17
18
19
20
21
22
23
24
25
26
27
28
29
30
31
------------------------------------------------------------------------------------
Max >= 32.0: 0
Max <= 0.0: 5
Min <= 0.0: 11
Min <= -18.0: 0
Max Rain: 2.0 on 2.01.2022
Days of Rain: 5 (> .2 mm) 0 (> 2 mm) 0 (> 20 mm)
Heat Base: 17.0 Cool Base: 17.0 Method: Simple approximation
Scroll to top