NOAA Monthly Statistics

NOAA = National Oceanic and Atmospheric Administration (USA)

                   MONTHLY CLIMATOLOGICAL SUMMARY for SEP. 2021

NAME: Weather Station Nagu CITY: Nagu STATE: Finland
ELEV: 26 m LAT: 60° 11' 23" N LONG: 21° 53' 50" E

TEMPERATURE (°C), RAIN (mm), WIND SPEED (m/s)

HEAT COOL AVG
MEAN DEG DEG WIND DOM
DAY TEMP HIGH TIME LOW TIME DAYS DAYS RAIN SPEED HIGH TIME DIR
------------------------------------------------------------------------------------
1 13.3 14.7 02:00 11.9 23:30 4 0 0.0 4.0 10.8 18:30 NNW
2 12.5 15.2 22:30 11.1 07:00 5 0 0.6 3.7 10.9 23:30 NW
3 11.6 15.3 00:00 9.4 08:30 5 0 0.0 4.7 13.6 00:30 NNW
4 10.4 12.8 16:00 7.7 07:00 7 0 0.2 2.8 12.1 17:30 NNW
5 10.3 12.9 14:00 6.7 08:00 7 0 0.0 2.4 9.1 17:30 SW
6 13.2 16.8 16:30 10.2 23:30 4 0 0.0 1.9 5.9 19:30 WSW
7 12.5 14.6 23:30 9.1 05:00 4 0 0.0 2.3 6.2 18:30 SW
8 14.9 17.9 18:30 13.1 06:00 2 0 0.0 2.4 7.5 12:00 WSW
9 15.6 18.6 13:00 12.9 01:00 2 0 0.0 2.1 8.2 12:30 SW
10 13.3 14.7 18:00 11.7 06:30 4 0 0.0 1.7 7.3 18:30 SE
11 14.2 16.5 16:30 12.4 23:00 3 0 0.0 1.3 3.8 00:00 S
12 14.0 14.7 13:30 12.3 00:30 3 0 10.2 2.6 8.8 07:00 SSW
13 12.5 14.9 02:00 11.0 19:30 4 0 3.0 4.1 12.3 16:30 NNW
14 10.8 11.8 00:30 9.4 23:30 6 0 0.0 3.9 10.3 16:00 NNW
15 9.6 12.3 18:00 8.1 02:30 7 0 0.0 2.1 7.4 11:00 WNW
16 8.9 11.0 14:30 7.3 23:30 8 0 0.0 1.8 6.0 22:00 ESE
17 8.7 10.8 17:30 6.7 01:30 8 0 0.0 2.5 7.8 13:30 E
18 9.2 11.5 16:30 7.5 07:30 8 0 0.0 2.2 6.9 00:00 E
19 8.9 10.8 17:00 7.6 07:00 8 0 0.0 2.3 7.5 13:30 ENE
20 8.1 11.3 18:00 6.5 07:30 9 0 0.0 2.0 7.2 09:30 NE
21 7.0 10.4 18:00 3.3 07:30 10 0 0.0 1.1 3.4 15:00 NE
22 7.7 10.6 15:30 4.8 07:00 9 0 0.0 1.6 5.6 23:30 S
23 10.0 10.8 08:30 9.3 23:30 7 0 19.4 5.8 15.6 19:30 S
24 8.5 9.2 01:00 7.7 07:30 9 0 9.0 2.4 8.9 00:00 ESE
25 10.6 13.6 15:00 8.3 04:00 6 0 0.8 2.7 9.9 18:30 NW
26 11.7 15.9 18:30 9.3 08:00 5 0 0.0 1.9 7.3 00:30 NW
27 10.6 13.9 14:30 8.1 06:30 6 0 0.0 2.1 6.0 18:30 SE
28 9.0 9.4 05:00 8.9 00:00 2 0 0.0 2.3 4.5 00:30 SE
29
30
------------------------------------------------------------------------------------
Max >= 32.0: 0
Max <= 0.0: 0
Min <= 0.0: 0
Min <= -18.0: 0
Max Rain: 19.4 on 23.09.2021
Days of Rain: 6 (> .2 mm) 4 (> 2 mm) 0 (> 20 mm)
Heat Base: 17.0 Cool Base: 17.0 Method: Simple approximation
Scroll to top