NOAA Monthly Statistics

NOAA = National Oceanic and Atmospheric Administration (USA)

                   MONTHLY CLIMATOLOGICAL SUMMARY for SEP. 2022

NAME: Weather Station Nagu CITY: Nagu STATE: Finland
ELEV: 26 m LAT: 60° 11' 23" N LONG: 21° 53' 50" E

TEMPERATURE (°C), RAIN (mm), WIND SPEED (m/s)

HEAT COOL AVG
MEAN DEG DEG WIND DOM
DAY TEMP HIGH TIME LOW TIME DAYS DAYS RAIN SPEED HIGH TIME DIR
------------------------------------------------------------------------------------
1 11.3 14.4 17:30 8.1 07:00 6 0 0.0 2.5 7.5 12:30 N
2 10.5 13.5 17:00 6.7 07:00 7 0 0.0 2.4 8.1 18:00 N
3 10.4 13.2 18:00 6.8 06:30 7 0 0.0 1.8 7.4 16:30 NNW
4 10.7 13.2 20:00 7.8 06:30 6 0 0.0 2.0 6.5 20:30 N
5 10.2 12.5 17:30 8.2 05:30 7 0 0.0 1.8 5.7 20:00 N
6 12.0 16.7 14:00 6.7 04:00 5 0 0.0 2.4 7.9 17:30 SW
7 11.1 13.9 17:30 8.7 07:00 6 0 0.0 1.9 5.8 01:30 N
8 10.8 14.7 17:30 6.4 07:00 6 0 0.0 1.5 4.7 12:00 E
9 11.8 13.9 14:00 9.7 02:30 5 0 0.0 2.4 7.7 13:30 SE
10 12.2 15.5 16:30 9.0 04:30 5 0 0.0 2.0 6.3 12:00 SSE
11 14.0 18.0 17:00 10.6 07:00 3 0 0.5 1.4 4.9 15:00 ENE
12 13.2 16.3 13:00 10.0 06:00 4 0 0.0 1.2 3.9 13:30 S
13 13.0 14.2 10:30 12.1 23:00 4 0 0.7 4.3 13.7 18:30 S
14 13.1 13.9 23:30 12.2 01:00 4 0 9.9 4.5 14.3 00:00 S
15 12.3 14.3 13:00 10.8 23:00 5 0 13.7 2.0 8.1 11:30 SSW
16 11.6 14.1 16:30 10.4 03:30 5 0 0.7 1.0 5.3 19:00 NW
17 11.4 13.0 17:00 10.7 07:00 6 0 2.7 1.7 7.2 18:30 NNW
18 11.3 13.2 16:30 9.6 08:00 6 0 0.9 2.2 7.4 15:00 NW
19 11.5 13.4 16:30 10.3 09:00 5 0 1.1 2.5 7.9 17:00 N
20 10.4 11.5 16:00 8.6 23:30 7 0 0.0 3.1 9.2 07:00 ENE
21 8.0 9.3 16:30 6.6 09:30 9 0 0.0 1.3 5.9 01:00 NNE
22 9.9 13.4 17:00 6.6 07:30 7 0 0.0 1.4 5.2 16:30 SSW
23 12.1 13.4 12:00 10.2 00:30 5 0 0.2 2.5 7.7 12:00 S
24 11.2 13.5 11:30 9.5 07:00 6 0 0.1 2.2 6.0 14:00 SSE
25 10.9 13.4 15:30 8.7 08:00 6 0 1.1 1.1 3.1 16:00 SE
26 11.5 13.6 16:00 9.4 01:30 5 0 4.6 3.4 12.1 22:30 SSE
27 12.0 13.2 17:30 9.7 23:30 5 0 0.8 3.5 11.4 00:30 ESE
28 9.7 12.2 18:00 7.2 07:30 7 0 0.0 2.2 7.6 16:30 E
29 7.5 8.7 00:30 6.8 17:00 9 0 1.3 1.8 6.8 02:00 NE
30 7.9 10.6 16:30 6.5 08:00 9 0 0.0 1.4 4.4 17:30 WNW
------------------------------------------------------------------------------------
Max >= 32.0: 0
Max <= 0.0: 0
Min <= 0.0: 0
Min <= -18.0: 0
Max Rain: 13.7 on 15.09.2022
Days of Rain: 12 (> .2 mm) 4 (> 2 mm) 0 (> 20 mm)
Heat Base: 17.0 Cool Base: 17.0 Method: Simple approximation
Scroll to top