NOAA Monthly Statistics

NOAA = National Oceanic and Atmospheric Administration (USA)

                   MONTHLY CLIMATOLOGICAL SUMMARY for OCT. 2020

NAME: Weather Station Nagu CITY: Nagu STATE: Finland
ELEV: 26 m LAT: 60° 11' 23" N LONG: 21° 53' 50" E

TEMPERATURE (°C), RAIN (mm), WIND SPEED (m/s)

HEAT COOL AVG
MEAN DEG DEG WIND DOM
DAY TEMP HIGH TIME LOW TIME DAYS DAYS RAIN SPEED HIGH TIME DIR
------------------------------------------------------------------------------------
1 14.3 17.1 15:30 12.6 23:30 3 0 0.2 4.4 9.3 21:30 NE
2 14.0 17.8 15:30 11.8 02:30 3 0 0.0 4.5 9.6 14:00 ENE
3 13.5 16.7 15:30 11.6 06:30 4 0 0.0 5.4 12.1 17:30 ENE
4 14.2 15.6 12:00 13.1 02:30 3 0 0.8 7.7 16.0 12:30 E
5 15.5 17.2 05:30 13.5 21:00 2 0 0.0 8.6 19.8 07:00 S
6 16.5 17.8 17:30 13.8 00:00 1 0 13.8 10.2 23.9 15:30 ENE
7 16.2 17.2 11:30 13.8 00:30 1 0 4.6 9.4 15.7 03:00 SE
8 15.9 16.9 10:30 14.5 20:00 1 0 0.0 9.8 14.1 12:00 SSE
9 15.1 16.8 15:30 12.6 23:30 2 0 3.0 9.7 20.4 14:00 SSE
10 12.4 13.7 11:30 11.2 03:30 5 0 0.2 7.2 15.1 23:30 SW
11 13.1 15.1 12:30 10.3 23:30 4 0 2.6 6.8 14.7 00:00 S
12 11.0 13.2 13:30 9.4 23:30 6 0 3.6 6.5 13.5 13:30 S
13 9.8 11.6 15:00 8.4 22:30 7 0 0.0 6.0 11.4 16:30 WSW
14 8.5 9.7 15:30 5.9 23:30 9 0 0.0 6.6 10.9 20:00 N
15 6.2 9.8 16:00 3.6 05:30 11 0 0.0 6.1 11.3 18:30 N
16 6.4 8.9 16:00 4.2 08:30 11 0 0.0 4.6 9.0 01:30 N
17 7.7 9.9 15:30 3.8 01:30 9 0 0.0 6.2 14.8 15:30 SW
18 5.9 9.3 00:00 4.3 16:30 11 0 6.0 8.4 18.3 21:30 WNW
19 7.1 10.1 16:00 5.4 06:00 10 0 7.2 9.5 17.5 01:30 WNW
20 5.2 6.5 15:00 3.6 08:00 12 0 0.2 4.6 11.5 22:30 NNW
21 9.8 15.7 16:30 0.0 20:00 7 0 13.2 9.7 16.8 06:00 SSE
22 0.0 0.0 23:30 0.0 23:30 17 0 6.8 7.0 12.8 08:00 SE
23 0.0 0.0 23:30 0.0 23:30 17 0 3.2 7.5 14.2 06:00 WNW
24 0.0 0.0 23:30 0.0 23:30 17 0 1.2 4.0 7.9 19:30 SW
25 0.0 0.0 00:00 0.0 00:00 0 0 0.0 4.5 6.0 00:00 N
26
27
28
29
30
31
------------------------------------------------------------------------------------
Max >= 32.0: 0
Max <= 0.0: 4
Min <= 0.0: 5
Min <= -18.0: 0
Max Rain: 13.8 on 6.10.2020
Days of Rain: 12 (> .2 mm) 10 (> 2 mm) 0 (> 20 mm)
Heat Base: 17.0 Cool Base: 17.0 Method: Simple approximation
Scroll to top