NOAA Monthly Statistics

NOAA = National Oceanic and Atmospheric Administration (USA)

                   MONTHLY CLIMATOLOGICAL SUMMARY for JUN. 2021

NAME: Weather Station Nagu CITY: Nagu STATE: Finland
ELEV: 26 m LAT: 60° 11' 23" N LONG: 21° 53' 50" E

TEMPERATURE (°C), RAIN (mm), WIND SPEED (m/s)

HEAT COOL AVG
MEAN DEG DEG WIND DOM
DAY TEMP HIGH TIME LOW TIME DAYS DAYS RAIN SPEED HIGH TIME DIR
------------------------------------------------------------------------------------
1 14.3 18.4 19:00 9.7 05:00 3 0 0.0 2.0 7.9 15:00 NNE
2 16.3 20.9 14:00 9.6 04:00 2 1 0.0 2.0 11.0 18:30 NNE
3 16.4 20.8 20:00 11.4 04:30 2 1 0.0 1.8 10.0 12:30 SSW
4 17.8 22.0 15:30 11.4 04:00 1 2 0.0 1.8 6.1 17:30 SW
5 18.3 22.4 16:00 12.3 05:00 1 2 0.0 2.0 7.4 20:30 NW
6 19.1 24.3 14:30 13.2 04:30 1 3 0.0 2.3 7.7 10:30 NNW
7 19.7 24.4 15:30 14.2 04:30 0 3 0.0 2.0 6.7 17:30 NW
8 18.9 24.0 15:00 14.9 03:00 0 2 0.0 1.6 5.1 17:30 S
9 18.7 21.7 15:00 13.8 03:00 1 2 0.0 1.5 5.1 13:30 S
10 18.4 22.9 20:30 14.0 05:00 1 2 0.0 1.4 4.6 18:00 S
11 19.0 22.1 16:30 14.7 04:30 0 2 0.0 1.9 6.7 17:00 S
12 15.9 17.4 00:00 13.6 23:30 1 0 2.8 2.8 8.4 06:30 S
13 13.9 15.1 19:00 12.3 23:30 3 0 0.2 4.1 11.9 12:30 NNW
14 13.8 16.6 13:30 10.0 02:00 3 0 0.2 4.1 11.6 15:00 SSW
15 15.0 17.9 19:30 12.9 04:00 2 0 0.0 3.4 10.3 02:30 WNW
16 14.7 17.7 16:00 11.6 03:00 2 0 0.0 2.5 7.8 18:00 SW
17 15.1 17.9 13:30 12.2 00:30 2 0 0.0 3.1 8.8 17:00 SSW
18 17.5 21.4 17:00 13.7 00:30 1 1 0.2 3.5 9.6 22:00 S
19 18.8 23.1 17:00 15.2 04:30 0 2 0.0 2.8 7.1 17:00 S
20 19.6 21.1 13:00 17.6 00:00 0 3 0.0 3.0 6.4 10:30 S
21 20.7 22.5 18:00 18.8 00:00 0 4 0.0 3.3 8.9 09:30 S
22 22.8 25.8 15:30 18.9 23:30 0 6 0.0 2.8 8.5 12:30 SSE
23 17.5 19.2 09:30 16.2 06:00 0 0 0.0 1.1 3.3 09:30 S
24
25
26
27
28
29
30
------------------------------------------------------------------------------------
Max >= 32.0: 0
Max <= 0.0: 0
Min <= 0.0: 0
Min <= -18.0: 0
Max Rain: 2.8 on 12.06.2021
Days of Rain: 1 (> .2 mm) 1 (> 2 mm) 0 (> 20 mm)
Heat Base: 17.0 Cool Base: 17.0 Method: Simple approximation
Scroll to top