NOAA Monthly Statistics

NOAA = National Oceanic and Atmospheric Administration (USA)

                   MONTHLY CLIMATOLOGICAL SUMMARY for JAN. 2021

NAME: Weather Station Nagu CITY: Nagu STATE: Finland
ELEV: 26 m LAT: 60° 11' 23" N LONG: 21° 53' 50" E

TEMPERATURE (°C), RAIN (mm), WIND SPEED (m/s)

HEAT COOL AVG
MEAN DEG DEG WIND DOM
DAY TEMP HIGH TIME LOW TIME DAYS DAYS RAIN SPEED HIGH TIME DIR
------------------------------------------------------------------------------------
1 3.2 4.2 12:30 2.0 23:30 14 0 0.2 1.8 23:30 SE
2 -0.4 1.6 00:00 -1.7 23:30 17 0 0.0 2.6 23:30 ENE
3 -1.4 -1.2 23:30 -1.8 08:00 18 0 0.0 5.3 23:30 S
4 -1.3 -1.0 15:00 -1.8 21:30 18 0 0.0 2.9 23:30 NNE
5 -3.9 -1.5 00:30 -6.3 22:00 21 0 0.0 2.5 23:30 NE
6 -3.9 -2.5 14:00 -6.1 00:00 21 0 0.0 3.1 23:30 ENE
7 -1.6 -0.8 09:00 -2.7 00:00 11 0 0.4 3.3 13:30 E
8 -1.5 -1.2 08:00 -3.6 23:30 19 0 0.0
9 -3.9 -2.7 14:30 -5.7 05:00 21 0 0.0
10 -0.0 1.9 19:30 -2.9 00:00 17 0 1.6
11 0.7 2.1 22:30 -0.6 11:00 16 0 0.2
12 0.9 1.3 08:30 0.4 18:00 16 0 8.6
13 -2.3 0.8 00:00 -5.9 23:30 19 0 1.6
14 -8.5 -6.0 00:00 -11.1 23:30 26 0 0.0
15 -13.2 -8.8 23:30 -16.1 07:30 30 0 0.0 1.2 23:30 S
16 -9.4 -5.5 04:30 -13.0 22:00 26 0 0.2 1.1 23:30 SE
17 -6.3 -4.2 23:30 -12.1 01:30 22 0 0.0 0.8 23:30 SE
18 -1.8 0.0 23:30 -3.9 00:00 19 0 0.2 1.9 23:30 SW
19 0.2 0.8 18:30 -0.3 08:30 17 0 0.2 2.9 23:30 SW
20 -0.2 0.4 00:30 -2.7 23:30 17 0 0.2 5.4 23:30 SE
21 -2.8 -1.0 17:30 -3.4 09:30 15 0 2.8 7.6 17:30 SE
22
23
24
25
26
27
28
29
30
31
------------------------------------------------------------------------------------
Max >= 32.0: 0
Max <= 0.0: 13
Min <= 0.0: 19
Min <= -18.0: 0
Max Rain: 8.6 on 12.01.2021
Days of Rain: 5 (> .2 mm) 2 (> 2 mm) 0 (> 20 mm)
Heat Base: 17.0 Cool Base: 17.0 Method: Simple approximation
Scroll to top