NOAA Annual Statistics

NOAA = National Oceanic and Atmospheric Administration (USA)

                            ANNUAL CLIMATOLOGICAL SUMMARY 2022

NAME: Weather Station Nagu CITY: Nagu STATE: Finland
ELEV: 26 m LAT: 60° 11' 23" N LONG: 21° 53' 50" E

TEMPERATURE (°C), HEAT BASE 17.0, COOL BASE 17.0

DEP. HEAT COOL
MEAN MEAN FROM DEG DEG MAX MAX MIN MIN
YR MO MAX MIN MEAN NORM DAYS DAYS HI DATE LOW DATE >=32 <=0 <=0 <=-18
------------------------------------------------------------------------------------
22 1 1.3 -3.3 -0.9 0.2 554 0 8.5 13 -11.6 11 0 8 25 0
22 2 1.1 -2.8 -0.8 1.7 495 0 5.5 28 -11.8 1 0 6 24 0
22 3 5.5 -1.1 1.9 2.8 468 0 12.5 20 -4.8 5 0 1 23 0
22 4 7.1 0.5 3.7 1.6 398 0 16.4 21 -4.8 1 0 0 13 0
22 5 12.3 6.0 9.0 2.1 247 0 20.0 19 2.0 9 0 0 0 0
22 6 19.7 13.3 16.5 4.2 60 46 29.1 28 8.9 1 0 0 0 0
22 7 20.4 15.1 17.7 1.6 27 48 26.0 1 10.9 16 0 0 0 0
22 8 21.7 15.8 18.7 2.6 20 72 27.5 16 8.8 31 0 0 0 0
22 9 13.5 8.8 11.1 -0.9 176 0 18.5 11 6.3 22 0 0 0 0
22 10
22 11
22 12
------------------------------------------------------------------------------------
11.4 5.8 8.5 1.8 2445 166 29.1 Jun -11.8 Feb 0 15 85 0

PRECIPITATION (mm)

DEP. MAX DAYS OF RAIN
FROM OBS. OVER
YR MO TOTAL NORM DAY DATE .2 2 20
---------------------------------------------
22 1 26.0 -11.0 6.6 20 10 4 0
22 2 39.2 13.2 10.2 14 10 5 0
22 3 0.0 -30.0 0.0 1 0 0 0
22 4 25.2 -2.8 10.0 8 6 3 0
22 5 9.6 -16.4 4.4 31 4 2 0
22 6 12.9 -24.1 7.6 2 5 2 0
22 7 55.5 12.5 24.5 26 16 5 1
22 8 56.5 -0.5 13.8 17 10 9 0
22 9 38.3 -19.7 13.7 15 12 4 0
22 10
22 11
22 12
---------------------------------------------
263.2 -259.8 24.5 Jul 73 34 1

WIND SPEED (m/s)

DOM
YR MO AVG. HI DATE DIR
---------------------------------
22 1 3.6 19.0 14 SW
22 2 3.3 16.5 24 SSW
22 3 2.8 18.2 26 SW
22 4 2.7 15.4 5 SSW
22 5 2.9 16.7 3 NNW
22 6 2.6 13.9 1 SW
22 7 2.8 13.1 15 SW
22 8 2.6 15.6 6 S
22 9 2.2 14.3 14 S
22 10
22 11
22 12
---------------------------------
2.8 19.0 Jan SW
Scroll to top