NOAA Annual Statistics

NOAA = National Oceanic and Atmospheric Administration (USA)

                            ANNUAL CLIMATOLOGICAL SUMMARY 2020

NAME: Weather Station Nagu CITY: Nagu STATE: Finland
ELEV: 26 m LAT: 60° 11' 23" N LONG: 21° 53' 50" E

TEMPERATURE (°C), HEAT BASE 17.0, COOL BASE 17.0

DEP. HEAT COOL
MEAN MEAN FROM DEG DEG MAX MAX MIN MIN
YR MO MAX MIN MEAN NORM DAYS DAYS HI DATE LOW DATE >=32 <=0 <=0 <=-18
------------------------------------------------------------------------------------
20 1 4.6 1.5 3.3 4.4 426 0 8.9 21 -3.7 10 0 0 7 0
20 2 3.7 -0.6 1.6 4.1 448 0 7.0 18 -7.6 28 0 1 16 0
20 3 4.7 -0.0 2.5 3.4 435 0 8.6 28 -7.1 31 0 0 14 0
20 4 8.8 2.3 5.2 3.1 351 0 15.4 22 -1.2 4 0 0 1 0
20 5 13.3 5.0 8.9 2.0 256 5 24.6 31 1.9 10 0 0 0 0
20 6 24.7 13.8 18.9 6.6 36 93 30.7 28 9.7 3 0 0 0 0
20 7 19.5 13.5 16.4 0.3 49 29 25.8 17 9.5 9 0 0 0 0
20 8 22.0 14.3 17.8 1.7 32 56 27.4 7 9.8 28 0 0 0 0
20 9 17.2 12.5 14.6 2.6 77 6 22.7 27 8.7 18 0 0 0 0
20 10 11.9 7.8 9.9 2.1 170 0 17.9 2 0.0 21 0 3 4 0
20 11
20 12
------------------------------------------------------------------------------------
13.0 7.0 9.9 3.0 2280 189 30.7 Jun -7.6 Feb 0 4 42 0

PRECIPITATION (mm)

DEP. MAX DAYS OF RAIN
FROM OBS. OVER
YR MO TOTAL NORM DAY DATE .2 2 20
---------------------------------------------
20 1 27.1 -9.9 11.2 11 11 4 0
20 2 42.0 16.0 11.6 22 11 5 0
20 3 40.2 10.2 9.4 30 8 7 0
20 4 11.8 -16.2 3.4 12 9 2 0
20 5 28.4 2.4 8.2 16 7 4 0
20 6 22.2 -14.8 8.4 6 4 3 0
20 7 76.0 33.0 14.4 4 14 10 0
20 8 20.8 -36.2 10.2 22 7 3 0
20 9 45.0 -13.0 11.6 4 10 7 0
20 10 66.4 2.4 13.8 6 12 10 0
20 11
20 12
---------------------------------------------
379.9 -143.1 14.4 Jul 93 55 0

WIND SPEED (m/s)

DOM
YR MO AVG. HI DATE DIR
---------------------------------
20 1 7.9 22.7 14 SW
20 2 8.2 28.7 10 SSW
20 3 7.5 20.5 14 SSW
20 4 7.3 25.0 16 NW
20 5 5.9 16.8 13 NW
20 6 4.8 24.2 6 SSE
20 7 6.0 20.7 5 SSW
20 8 5.0 15.8 22 SSW
20 9 6.5 29.5 17 SSW
20 10 7.1 23.9 6 ENE
20 11
20 12
---------------------------------
6.6 29.5 Sep SSW
Scroll to top