{"id":331,"date":"2018-06-13T21:52:06","date_gmt":"2018-06-13T18:52:06","guid":{"rendered":"https:\/\/rosti.fi\/wp\/?page_id=331"},"modified":"2023-10-31T22:02:28","modified_gmt":"2023-10-31T20:02:28","slug":"data-security-description","status":"publish","type":"page","link":"https:\/\/rosti.fi\/saa\/data-security-description\/?lang=sv","title":{"rendered":"Dataskyddsbeskrivning"},"content":{"rendered":"<h2>Vem \u00e4r vi?<\/h2>\n<p>Detta \u00e4r webbplatsen f\u00f6r en privat v\u00e4derstation i Nagu, Finland. Webbplatsens adress \u00e4r: https:\/\/rosti.fi\/saa.<\/p>\n<h2>Vilka personuppgifter vi samlar in och varf\u00f6r<\/h2>\n<h3>Kommentarer<\/h3>\n<p>N\u00e4r bes\u00f6kare l\u00e4mnar en kommentar p\u00e5 denna webbplats samlar vi information som syns i kommentarf\u00e4lten, IP-adress samt information om webbl\u00e4sarversionen.<\/p>\n<p>En anonymiserad hash skapad fr\u00e5n e-postadress kan skickas till Gravatar-tj\u00e4nsten f\u00f6r att kontrollera om anv\u00e4ndaren anv\u00e4nder den tj\u00e4nsten. Beskrivning av Gravatars dataskydd finns p\u00e5 adressen https:\/\/automattic.com\/privacy\/.<\/p>\n<h3>Media<\/h3>\n<p>Om du laddar upp bilder p\u00e5 denna webbplats b\u00f6r du undvika att ladda upp bilder med platsinformation (EXIF GPS). Alla bes\u00f6kare kan ladda ner bilder fr\u00e5n webbplatsen och kontrollera platsinformation om den finns.<\/p>\n<h3>Cookies<\/h3>\n<p>En cookie sparas om du vill v\u00e4lja ett \u00e5r eller m\u00e5nad i diagram d\u00e4r detta alternativ \u00e4r tillg\u00e4ngligt. Denna cookie kommer att tas bort efter 10 sekunder.<\/p>\n<p>Om du l\u00e4mnar en kommentar p\u00e5 dessa sidor kan du v\u00e4lja att spara namn, e-post och webbadress i en cookie.r. Detta kommer att f\u00f6rb\u00e4ttra anv\u00e4ndarupplevelsen, eftersom du inte beh\u00f6ver fylla i formul\u00e4ret varje g\u00e5ng du l\u00e4gger till en kommentar. Cookien kommer att tas bort fr\u00e5n webbl\u00e4saren efter ett \u00e5r. Ev\u00e4stetieto poistetaan selaimesta vuoden kuluttua.<\/p>\n<h3>Inb\u00e4ddat material fr\u00e5n andra webbplatser<\/h3>\n<p>Artiklarna p\u00e5 denna webbplats kan inneh\u00e5lla inb\u00e4ddat material, som videor, bilder, artiklar med mera. Att \u00f6ppna inneh\u00e5ll fr\u00e5n inb\u00e4ddade webbplatser kan j\u00e4mf\u00f6ras med att bes\u00f6ka dessa webbplatser.<\/p>\n<p>Dessa webbplatser kan samla in information om dig, anv\u00e4nda cookies och \u00f6vervaka din interaktion med det inb\u00e4ddade inneh\u00e5llet, inklusive sp\u00e5rning av interaktion.<\/p>\n<h2>Vem vi delar din information med<\/h2>\n<p>Information som samlas in p\u00e5 denna webbplats delas inte med n\u00e5gon annan part.<\/p>\n<h2>Hur l\u00e4nge vi sparar information<\/h2>\n<p>Om du l\u00e4mnar en kommentar sparas kommentaren och dess metadata p\u00e5 obest\u00e4md tid. Detta g\u00f6rs f\u00f6r att vi ska kunna identifiera dig och automatiskt godk\u00e4nna dina kommande kommentarer ist\u00e4llet f\u00f6r att beh\u00e5lla dem i en modereringsk\u00f6.<\/p>\n<h2>Dina r\u00e4ttigheter till din egen information<\/h2>\n<p>Om du har ett anv\u00e4ndarkonto p\u00e5 denna webbplats eller har l\u00e4mnat kommentarer kan du beg\u00e4ra en sammanst\u00e4llning av dina personuppgifter, inklusive all personlig information du har l\u00e4mnat till oss. Du kan ocks\u00e5 beg\u00e4ra att dina personuppgifter raderas. R\u00e4tten att radera dina personuppgifter g\u00e4ller inte information som vi m\u00e5ste beh\u00e5lla av administrativa, juridiska eller datas\u00e4kerhetssk\u00e4l.<\/p>\n<h2>Vart vi skickar din information<\/h2>\n<p>Kommentarer fr\u00e5n v\u00e5ra bes\u00f6kare kan kontrolleras med hj\u00e4lp av en automatiserad tj\u00e4nst f\u00f6r att f\u00f6rhindra skr\u00e4ppost.<\/p>\n","protected":false},"excerpt":{"rendered":"<p>Vem \u00e4r vi? Detta \u00e4r webbplatsen f\u00f6r en privat v\u00e4derstation i Nagu, Finland. Webbplatsens adress \u00e4r: https:\/\/rosti.fi\/saa. Vilka personuppgifter vi samlar in och varf\u00f6r Kommentarer N\u00e4r bes\u00f6kare l\u00e4mnar en kommentar p\u00e5 denna webbplats samlar vi information som syns i kommentarf\u00e4lten, IP-adress samt information om webbl\u00e4sarversionen. En anonymiserad hash skapad fr\u00e5n e-postadress kan skickas till Gravatar-tj\u00e4nsten [&hellip;]<\/p>\n","protected":false},"author":1,"featured_media":0,"parent":0,"menu_order":0,"comment_status":"closed","ping_status":"closed","template":"","meta":{"footnotes":""},"class_list":["post-331","page","type-page","status-publish","hentry","post"],"_links":{"self":[{"href":"https:\/\/rosti.fi\/saa\/wp-json\/wp\/v2\/pages\/331","targetHints":{"allow":["GET"]}}],"collection":[{"href":"https:\/\/rosti.fi\/saa\/wp-json\/wp\/v2\/pages"}],"about":[{"href":"https:\/\/rosti.fi\/saa\/wp-json\/wp\/v2\/types\/page"}],"author":[{"embeddable":true,"href":"https:\/\/rosti.fi\/saa\/wp-json\/wp\/v2\/users\/1"}],"replies":[{"embeddable":true,"href":"https:\/\/rosti.fi\/saa\/wp-json\/wp\/v2\/comments?post=331"}],"version-history":[{"count":2,"href":"https:\/\/rosti.fi\/saa\/wp-json\/wp\/v2\/pages\/331\/revisions"}],"predecessor-version":[{"id":2982,"href":"https:\/\/rosti.fi\/saa\/wp-json\/wp\/v2\/pages\/331\/revisions\/2982"}],"wp:attachment":[{"href":"https:\/\/rosti.fi\/saa\/wp-json\/wp\/v2\/media?parent=331"}],"curies":[{"name":"wp","href":"https:\/\/api.w.org\/{rel}","templated":true}]}}