{"id":2183,"date":"2020-11-30T01:08:14","date_gmt":"2020-11-29T23:08:14","guid":{"rendered":"https:\/\/rosti.fi\/saa\/etusivu-uusi\/"},"modified":"2025-09-17T15:19:42","modified_gmt":"2025-09-17T12:19:42","slug":"etusivu-uusi","status":"publish","type":"page","link":"https:\/\/rosti.fi\/saa\/etusivu-uusi\/?lang=en","title":{"rendered":"Home"},"content":{"rendered":"<div id=\"pl-2183\"  class=\"panel-layout\" ><div id=\"pg-2183-0\"  class=\"panel-grid panel-has-style\" ><div class=\"siteorigin-panels-stretch panel-row-style panel-row-style-for-2183-0\" data-stretch-type=\"full\" ><div id=\"pgc-2183-0-0\"  class=\"panel-grid-cell\" ><div id=\"panel-2183-0-0-0\" class=\"so-panel widget widget_sow-editor panel-first-child panel-last-child\" data-index=\"0\" ><div\n\t\t\t\n\t\t\tclass=\"so-widget-sow-editor so-widget-sow-editor-base\"\n\t\t\t\n\t\t>\n<div class=\"siteorigin-widget-tinymce textwidget\">\n\t<p style=\"text-align: center;\"><strong>Keskiviikko<br>15.04.2026<br>@21:34<\/strong><br>06:14 <i class=\"wi wi-sunrise\" style=\"font-size: 20px;\"><\/i><br>14 h 36 min<br>20:50 <i class=\"wi wi-sunset\" style=\"font-size: 20px;\"><\/i><\/p>\n<\/div>\n<\/div><\/div><\/div><div id=\"pgc-2183-0-1\"  class=\"panel-grid-cell\" ><div id=\"panel-2183-0-1-0\" class=\"so-panel widget widget_sow-editor panel-first-child panel-last-child\" data-index=\"1\" ><div\n\t\t\t\n\t\t\tclass=\"so-widget-sow-editor so-widget-sow-editor-base\"\n\t\t\t\n\t\t>\n<div class=\"siteorigin-widget-tinymce textwidget\">\n\t<p style=\"text-align: center;\"><strong>L\u00e4mp\u00f6tila<\/strong><br><img decoding=\"async\" src=\"gauges\/lampomittari.php?arvo=7.4\" width=\"100p\" alt=\"L\u00e4mp\u00f6tila: 7.4 &deg;C\"><br>&#8607; 15.8 @16:41<br>&#8609; 1.4 @06:33<\/p>\n<\/div>\n<\/div><\/div><\/div><div id=\"pgc-2183-0-2\"  class=\"panel-grid-cell\" ><div id=\"panel-2183-0-2-0\" class=\"so-panel widget widget_sow-editor panel-first-child panel-last-child\" data-index=\"2\" ><div\n\t\t\t\n\t\t\tclass=\"so-widget-sow-editor so-widget-sow-editor-base\"\n\t\t\t\n\t\t>\n<div class=\"siteorigin-widget-tinymce textwidget\">\n\t<p style=\"text-align: center;\"><strong>Tuntuu kuin<\/strong><br><img decoding=\"async\" src=\"gauges\/lampomittari.php?arvo=6.0\" width=\"100p\" alt=\"Tuntuu kuin: 6.0 &deg;C\"><br>&#8607; 17.2 @14:03<br>&#8609; -0.2 @04:26<\/p>\n<\/div>\n<\/div><\/div><\/div><div id=\"pgc-2183-0-3\"  class=\"panel-grid-cell\" ><div id=\"panel-2183-0-3-0\" class=\"so-panel widget widget_sow-editor panel-first-child panel-last-child\" data-index=\"3\" ><div\n\t\t\t\n\t\t\tclass=\"so-widget-sow-editor so-widget-sow-editor-base\"\n\t\t\t\n\t\t>\n<div class=\"siteorigin-widget-tinymce textwidget\">\n\t<p style=\"text-align: center;\"><strong>Kastepiste<\/strong><br><img decoding=\"async\" src=\"gauges\/lampomittari.php?arvo=-0.4\" width=\"100p\" alt=\"Kastepiste: -0.4 &deg;C\"><br>&#8607; 2.9 @13:13<br>&#8609; -0.6 @06:29<\/p>\n<\/div>\n<\/div><\/div><\/div><div id=\"pgc-2183-0-4\"  class=\"panel-grid-cell\" ><div id=\"panel-2183-0-4-0\" class=\"so-panel widget widget_sow-editor panel-first-child panel-last-child\" data-index=\"4\" ><div\n\t\t\t\n\t\t\tclass=\"so-widget-sow-editor so-widget-sow-editor-base\"\n\t\t\t\n\t\t>\n<div class=\"siteorigin-widget-tinymce textwidget\">\n\t<p style=\"text-align: center;\"><strong>Ilmanpaine<\/strong><br><img decoding=\"async\" src=\"gauges\/painemittari.php?arvo=1023.5\" width=\"100p\" alt=\"Ilmanpaine: 1023.5 hPa\"><br>&#8607; 1029.1 @00:05<br>&#8609; 1023.3 @19:34<\/p>\n<\/div>\n<\/div><\/div><\/div><div id=\"pgc-2183-0-5\"  class=\"panel-grid-cell\" ><div id=\"panel-2183-0-5-0\" class=\"so-panel widget widget_sow-editor panel-first-child panel-last-child\" data-index=\"5\" ><div\n\t\t\t\n\t\t\tclass=\"so-widget-sow-editor so-widget-sow-editor-base\"\n\t\t\t\n\t\t>\n<div class=\"siteorigin-widget-tinymce textwidget\">\n\t<p style=\"text-align: center;\"><strong>Kosteus<\/strong><br><img decoding=\"async\" src=\"gauges\/kosteusmittari.php?arvo=61\" width=\"100p\" alt=\"Kosteus: 61 hPa\"><br>&#8607; 92 @05:05<br>&#8609; 27 @18:17<\/p>\n<\/div>\n<\/div><\/div><\/div><\/div><\/div><div id=\"pg-2183-1\"  class=\"panel-grid panel-no-style\" ><div id=\"pgc-2183-1-0\"  class=\"panel-grid-cell\" ><div id=\"panel-2183-1-0-0\" class=\"so-panel widget widget_sow-editor panel-first-child panel-last-child\" data-index=\"6\" ><div\n\t\t\t\n\t\t\tclass=\"so-widget-sow-editor so-widget-sow-editor-base\"\n\t\t\t\n\t\t>\n<div class=\"siteorigin-widget-tinymce textwidget\">\n\t<p>If you\u2019d like to help keep it online, you can support <a href=\"https:\/\/rosti.fi\/saa\/ota-yhteytta\/?lang=en\" target=\"_blank\">via MobilePay or Buy Me a Coffee<\/a>. Every euro counts \u2013 thank you! <\/p>\n<\/div>\n<\/div><\/div><\/div><div id=\"pgc-2183-1-1\"  class=\"panel-grid-cell\" ><div id=\"panel-2183-1-1-0\" class=\"so-panel widget widget_sow-editor panel-first-child panel-last-child\" data-index=\"7\" ><div\n\t\t\t\n\t\t\tclass=\"so-widget-sow-editor so-widget-sow-editor-base\"\n\t\t\t\n\t\t>\n<div class=\"siteorigin-widget-tinymce textwidget\">\n\t<p style=\"text-align: center;\"><strong>Tuuli<\/strong><br><img decoding=\"async\" src=\"gauges\/tuulimittari_puuska.php?arvo=0.8&amp;puuska=1.8&amp;suunta=346\" width=\"100p\" alt=\"Tuuli: 0.8 m\/s\"><br>&#8607; 2.0 @15:10<br>&#8607; (4.0) @12:52<\/p>\n<\/div>\n<\/div><\/div><\/div><div id=\"pgc-2183-1-2\"  class=\"panel-grid-cell\" ><div id=\"panel-2183-1-2-0\" class=\"so-panel widget widget_sow-editor panel-first-child panel-last-child\" data-index=\"8\" ><div\n\t\t\t\n\t\t\tclass=\"so-widget-sow-editor so-widget-sow-editor-base\"\n\t\t\t\n\t\t>\n<div class=\"siteorigin-widget-tinymce textwidget\">\n\t<p style=\"text-align: center;\"><strong>Auringon s\u00e4teily<\/strong><br><img decoding=\"async\" src=\"gauges\/aurinkomittari.php?arvo=0\" width=\"100p\" alt=\"Auringon s\u00e4teily: 0 W\/m&sup2;\"><br>&#8607; 650 @13:26<br>&nbsp;<\/p>\n<\/div>\n<\/div><\/div><\/div><div id=\"pgc-2183-1-3\"  class=\"panel-grid-cell\" ><div id=\"panel-2183-1-3-0\" class=\"so-panel widget widget_sow-editor panel-first-child panel-last-child\" data-index=\"9\" ><div\n\t\t\t\n\t\t\tclass=\"so-widget-sow-editor so-widget-sow-editor-base\"\n\t\t\t\n\t\t>\n<div class=\"siteorigin-widget-tinymce textwidget\">\n\t<p style=\"text-align: center;\"><strong>Aurinkopaneelit<\/strong><br><img decoding=\"async\" src=\"gauges\/aurinkovoimamittari.php?arvo=0\" width=\"100p\" alt=\"Aurinkopaneelit: 0 W\/m&sup2;\"><br>&#8607; 3657.8 @13:29<br>29.1 kWh<\/p>\n<\/div>\n<\/div><\/div><\/div><div id=\"pgc-2183-1-4\"  class=\"panel-grid-cell\" ><div id=\"panel-2183-1-4-0\" class=\"so-panel widget widget_sow-editor panel-first-child panel-last-child\" data-index=\"10\" ><div\n\t\t\t\n\t\t\tclass=\"so-widget-sow-editor so-widget-sow-editor-base\"\n\t\t\t\n\t\t>\n<div class=\"siteorigin-widget-tinymce textwidget\">\n\t<p style=\"text-align: center;\"><strong>UV-indeksi<\/strong><br><img decoding=\"async\" src=\"gauges\/uvmittari.php?arvo=0.0\" width=\"100p\" alt=\"UV-indeksi: 0.0\"><br>&#8607; 2.0 @13:26<br>&nbsp;<\/p>\n<\/div>\n<\/div><\/div><\/div><div id=\"pgc-2183-1-5\"  class=\"panel-grid-cell\" ><div id=\"panel-2183-1-5-0\" class=\"so-panel widget widget_sow-editor panel-first-child panel-last-child\" data-index=\"11\" ><div\n\t\t\t\n\t\t\tclass=\"so-widget-sow-editor so-widget-sow-editor-base\"\n\t\t\t\n\t\t>\n<div class=\"siteorigin-widget-tinymce textwidget\">\n\t<p style=\"text-align: center;\"><strong>Sadekertym\u00e4<\/strong><br><img decoding=\"async\" src=\"gauges\/sademittari.php?arvo=0.0\" width=\"100p\" alt=\"Sadekertym\u00e4: 0.0 mm\"><br>&nbsp;<br>&nbsp<\/p>\n<\/div>\n<\/div><\/div><\/div><\/div><div id=\"pg-2183-2\"  class=\"panel-grid panel-no-style\" ><div id=\"pgc-2183-2-0\"  class=\"panel-grid-cell\" ><div id=\"panel-2183-2-0-0\" class=\"so-panel widget widget_sow-editor panel-first-child panel-last-child\" data-index=\"12\" ><div\n\t\t\t\n\t\t\tclass=\"so-widget-sow-editor so-widget-sow-editor-base\"\n\t\t\t\n\t\t>\n<div class=\"siteorigin-widget-tinymce textwidget\">\n\t<p style=\"text-align: center;\"><h2>Astronomia <i class=\"wi wi-day-sunny\"><\/i><\/h2><strong>Keskiviikko, 15.04.2026:<\/strong><br>Astronomisen h\u00e4m\u00e4r\u00e4n alku - 02:56<br>Nauttisen h\u00e4m\u00e4r\u00e4n alku - 04:25<br>Porvarillisen h\u00e4m\u00e4r\u00e4n alku - 05:28<br>Auringon nousu - 06:14<br>Aurinko etel\u00e4ss\u00e4 - 13:32<br>Auringon lasku - 20:50<br>Porvarillisen h\u00e4m\u00e4r\u00e4n p\u00e4\u00e4t\u00f6s - 21:36<br>Nauttisen h\u00e4m\u00e4r\u00e4n p\u00e4\u00e4t\u00f6s - 22:39<br>Astronomisen h\u00e4m\u00e4r\u00e4n p\u00e4\u00e4t\u00f6s - 00:08<br>P\u00e4iv\u00e4n pituus - 14 h 36 min<\/p>\n<\/div>\n<\/div><\/div><\/div><div id=\"pgc-2183-2-1\"  class=\"panel-grid-cell\" ><div id=\"panel-2183-2-1-0\" class=\"so-panel widget widget_sow-editor panel-first-child panel-last-child\" data-index=\"13\" ><div\n\t\t\t\n\t\t\tclass=\"so-widget-sow-editor so-widget-sow-editor-base\"\n\t\t\t\n\t\t>\n<div class=\"siteorigin-widget-tinymce textwidget\">\n\t<p style=\"text-align: center;\"><h2>Huhtikuu 2026<\/h2>&#8607; L\u00e4mp\u00f6tila 15.8 &deg;C - 15.04.2026<br>&#8609; L\u00e4mp\u00f6tila -2.9 &deg;C - 09.04.2026<br>&#8607; Auringon s\u00e4teily 733 W\/m&sup2; - 07.04.2026<br>&#8607; UV-indeksi 2 - 13.04.2026<br>&#8607; Tuuli 7.2 m\/s - 05.04.2026<br>&#8607; Puuskat 15.2 m\/s - 05.04.2026<br>&#8607; Ilmanpaine 1033.2 hPa - 14.04.2026<br>&#8609; Ilmanpaine 984.9 hPa - 06.04.2026<br>&#8607; Kosteus 98 % - 04.04.2026<br>&#8609; Kosteus 22.6 % - 11.04.2026<br>Sadekertym\u00e4 13.2 mm<br><br><\/p>\n<\/div>\n<\/div><\/div><\/div><\/div><\/div>","protected":false},"excerpt":{"rendered":"<p>If you\u2019d like to help keep it online, you can support via MobilePay or Buy Me a Coffee. Every euro counts \u2013 thank you!<\/p>\n","protected":false},"author":1,"featured_media":0,"parent":0,"menu_order":0,"comment_status":"closed","ping_status":"closed","template":"","meta":{"footnotes":""},"class_list":["post-2183","page","type-page","status-publish","hentry","post"],"_links":{"self":[{"href":"https:\/\/rosti.fi\/saa\/wp-json\/wp\/v2\/pages\/2183","targetHints":{"allow":["GET"]}}],"collection":[{"href":"https:\/\/rosti.fi\/saa\/wp-json\/wp\/v2\/pages"}],"about":[{"href":"https:\/\/rosti.fi\/saa\/wp-json\/wp\/v2\/types\/page"}],"author":[{"embeddable":true,"href":"https:\/\/rosti.fi\/saa\/wp-json\/wp\/v2\/users\/1"}],"replies":[{"embeddable":true,"href":"https:\/\/rosti.fi\/saa\/wp-json\/wp\/v2\/comments?post=2183"}],"version-history":[{"count":9,"href":"https:\/\/rosti.fi\/saa\/wp-json\/wp\/v2\/pages\/2183\/revisions"}],"predecessor-version":[{"id":3283,"href":"https:\/\/rosti.fi\/saa\/wp-json\/wp\/v2\/pages\/2183\/revisions\/3283"}],"wp:attachment":[{"href":"https:\/\/rosti.fi\/saa\/wp-json\/wp\/v2\/media?parent=2183"}],"curies":[{"name":"wp","href":"https:\/\/api.w.org\/{rel}","templated":true}]}}