NOAA-tilastot

NOAA = National Oceanic and Atmospheric Administration. Huomaa, että tuulitiedot puuttuvat näistä tilastoista.

                            ANNUAL CLIMATOLOGICAL SUMMARY

NAME: Weather Station Ari Rosti  CITY: Nagu   STATE: Finland  
ELEV:    34 m  LAT: 60° 11' 23" N  LONG: 21° 53' 50" E

               TEMPERATURE (°C), HEAT BASE 17.0, COOL BASE 17.0
                          DEP.  HEAT  COOL                                          
        MEAN  MEAN        FROM  DEG   DEG                        MAX  MAX  MIN  MIN 
 YR MO  MAX   MIN   MEAN  NORM  DAYS  DAYS  HI  DATE  LOW  DATE  >=32 <=0  <=0  <=-18 
------------------------------------------------------------------------------------
 19  1  -0.6  -5.8  -3.1  -2.0   622     0   4.5   1 -15.5   27    0   18   29    0
 19  2   2.8  -2.1   0.4   2.9   464     0   7.3  26 -11.6   22    0    5   19    0
 19  3   3.5  -2.2   0.5   1.4   510     0  10.9  29 -13.5    6    0    5   21    0
 19  4  12.4   1.8   6.6   4.5   315     3  23.9  27  -4.1   11    0    0    6    0
 19  5  13.5   4.0   8.5   1.6   167     6  25.1  18  -0.6    5    0    0    2    0
 19  6
 19  7
 19  8
 19  9
 19 10
 19 11
 19 12
------------------------------------------------------------------------------------
         5.7  -1.3   2.1   1.7  2077     9  25.1 MAY -15.5  JAN    0   28   77    0

                                PRECIPITATION (mm)

               DEP.   MAX        DAYS OF RAIN 
               FROM   OBS.          OVER
 YR MO  TOTAL  NORM   DAY  DATE  .2   2   20
---------------------------------------------
 19  1  38.1    1.1   9.7    8   17    6    0
 19  2  28.4    2.4  10.2    3   11    5    0
 19  3  35.1    5.1   9.7   17   15    6    0
 19  4   1.0  -27.0   1.0    7    1    0    0
 19  5  12.4  -13.6   8.9    2    6    1    0
 19  6
 19  7
 19  8
 19  9
 19 10
 19 11
 19 12
---------------------------------------------
       115.1 -31.9  10.2  FEB   50   18    0

                                WIND SPEED (m/s)
                          DOM
 YR MO   AVG.  HI   DATE  DIR
---------------------------------
 19  1   0.0   0.0    1   ---
 19  2   0.0   0.0    1   ---
 19  3   0.0   0.0    1   ---
 19  4   0.0   0.0    1   ---
 19  5   0.0   0.0    1   ---
 19  6
 19  7
 19  8
 19  9
 19 10
 19 11
 19 12
---------------------------------
         0.0   0.0  JAN  ---
                   MONTHLY CLIMATOLOGICAL SUMMARY for MAY. 2019

NAME: Weather Station Ari Rosti   CITY: Nagu   STATE: Finland 
ELEV:    34 m  LAT: 60° 11' 23" N  LONG: 21° 53' 50" E

                   TEMPERATURE (°C), RAIN  (mm), WIND SPEED (m/s)

                                      HEAT  COOL        AVG
    MEAN                              DEG   DEG         WIND                 DOM
DAY TEMP  HIGH   TIME   LOW    TIME   DAYS  DAYS  RAIN  SPEED HIGH   TIME    DIR
------------------------------------------------------------------------------------
 1   6.3  12.3   12.30   2.9    3.30  10.7   0.0   0.8   0.0   0.0     ---   ---
 2   3.7   5.1   12.00   1.3   23.30  13.3   0.0   8.9   0.0   0.0     ---   ---
 3   1.6   3.6   18.30   0.2   22.30  15.4   0.0   0.3   0.0   0.0     ---   ---
 4   2.3   6.2   18.30  -0.3    4.00  14.7   0.0   0.8   0.0   0.0     ---   ---
 5   5.2  10.2   15.00  -0.6    2.00  11.8   0.0   0.0   0.0   0.0     ---   ---
 6   5.6   9.0   15.00   2.7    5.30  11.4   0.0   0.0   0.0   0.0     ---   ---
 7   6.4   9.3   16.30   4.4    2.30  10.6   0.0   0.0   0.0   0.0     ---   ---
 8   6.8  10.6   16.00   3.7    5.30  10.2   0.0   0.0   0.0   0.0     ---   ---
 9  10.4  16.9   15.30   4.0    4.00   6.6   0.0   0.0   0.0   0.0     ---   ---
10  11.1  17.6   14.00   7.6   00.00   6.0   0.0   0.8   0.0   0.0     ---   ---
11  10.1  13.6   17.00   6.4    4.30   7.0   0.0   0.0   0.0   0.0     ---   ---
12   7.8  10.1   19.00   5.3   00.00   9.1   0.0   1.0   0.0   0.0     ---   ---
13   6.6  10.8   13.30   3.2    4.30  10.4   0.0   0.0   0.0   0.0     ---   ---
14   7.7  12.3   13.30   2.9    6.00   9.3   0.0   0.0   0.0   0.0     ---   ---
15   9.9  18.2   15.30   2.4    6.00   7.1   0.0   0.0   0.0   0.0     ---   ---
16  12.0  19.9   15.30   4.2    6.00   5.3   0.3   0.0   0.0   0.0     ---   ---
17  14.2  22.0   15.00   5.6    5.30   4.0   1.3   0.0   0.0   0.0     ---   ---
18  17.4  25.1   15.30   8.6    5.30   2.5   3.0   0.0   0.0   0.0     ---   ---
19  17.1  24.2   14.30  12.1    3.00   1.2   1.3   0.0   0.0   0.0     ---   ---
20
21
22
23
24
25
26
27
28
29
30
31
-------------------------------------------------------------------------------------
     8.5  25.1    18    -0.6     5   166.8   5.9  12.4   0.0   0.0     ---   ---

Max >=  32.0:  0
Max <=   0.0:  0
Min <=   0.0:  2
Min <= -18.0:  0
Max Rain: 8.89 ON 02.05.19
Days of Rain: 6 (> .2 mm) 1 (> 2 mm) 0 (> 20 mm)
Heat Base:  17.0  Cool Base:  17.0  Method: Integration
Scroll to top